57 and z.
19
Let y = -30 + 32. Let n(r) = -r**3 + 2*r**2 + r - 1. Let k be n(y). Let u = 1 + 2. Calculate the highest common factor of u and k.
1
Let l(u) be the first derivative of -4 + 9/2*u**2 + 2/3*u**3 + 15*u. Let s be l(-6). Calculate the highest common divisor of s and 3.
3
Suppose 22 = z + 2. Suppose -z*s = -18*s - 2. What is the greatest common divisor of 4 and s?
1
Suppose -3*d - 166 = -5*w - 0*d, 2*w + 4*d = 82. Let g = w + -15. What is the highest common factor of g and 10?
10
Let w = -80 + 122. Let r be (-12)/42 - 172/(-14). Suppose r*d - 13*d = -6. Calculate the greatest common divisor of d and w.
6
Suppose 497*y + 468 = 503*y. What is the greatest common divisor of 273 and y?
39
Suppose -2*t = -0*t - 8. Let z be 24/10*((-1386)/(-54) + -24) - -6. What is the greatest common divisor of z and t?
2
Let d = 115 - 102. What is the greatest common factor of d and 117?
13
Suppose 8*w = 126 + 450. Suppose -3*z - 187 = 107. Let o = w - z. What is the greatest common factor of o and 34?
34
Let v = -10 + 15. Let a = -18 - -23. Calculate the greatest common divisor of a and v.
5
Let n = -34 - -60. Suppose -5*t - w = -1431, 8*t - 13*t = 5*w - 1435. Calculate the greatest common divisor of n and t.
26
Suppose -108 = -9*h + 36. What is the highest common divisor of h and 24?
8
Let x(i) = -3*i - 2. Let d be x(-8). Let h = d + -6. Calculate the greatest common divisor of h and 144.
16
Let g(h) = 54*h - 190. Let y be g(4). What is the highest common divisor of y and 91?
13
Let w(y) = y**3 + 9*y**2 - 14*y - 21. Let x be w(-9). Let p(m) = 43*m**2 - 1. Let z be p(-1). Calculate the highest common factor of z and x.
21
Let i(d) = d**2 + 4*d + 2. Let m be i(-3). Let c be ((4 - 1) + -3)/m. Let u be (-3 - (c - 1))*-8. Calculate the highest common factor of 176 and u.
16
Let z(l) = -l**3 + 2*l**2 + 5*l - 3. Let b be z(3). Suppose -2*i + b - 1 = 0. Suppose -5*t + 9 = -i. What is the highest common divisor of 2 and t?
2
Let v(b) = -3*b**2 + 14*b - 6. Let a be v(4). Calculate the highest common factor of 86 and a.
2
Suppose 11*k - 1390 - 62 = 0. What is the highest common factor of k and 198?
66
Suppose 6*q - 73 + 1 = 0. Let f = q + 58. What is the highest common factor of f and 105?
35
Suppose p + 195 - 19 = 4*y, -4*y = 5*p - 176. What is the highest common divisor of 33 and y?
11
Suppose 8*x - 20 = 3*x. Suppose -a = -51 - 34. Let r = a - 45. Calculate the greatest common divisor of x and r.
4
Suppose 0 = p, -u - u + 52 = -5*p. Calculate the greatest common divisor of u and 130.
26
Let s be (-9 + 10)/(1/2). Let p(z) = -3*z + 1 - z + 3*z**s + 0*z - 2*z**2. Let d be p(5). Calculate the greatest common factor of d and 12.
6
Let p(a) = -a + 6. Let g(h) = h. Let b be g(2). Let f be p(b). Let d be 14/(8/f) + -3. Calculate the greatest common divisor of 32 and d.
4
Suppose 3*n - 5*b = 11, 0 = -2*n + b - 5 + 10. Let a = 107 - 85. What is the greatest common factor of a and n?
2
Let g = 243 - 232. What is the highest common factor of 154 and g?
11
Let z(a) = 37*a**3 - 2*a**2 - 3*a - 2. Let x be z(-1). Let j = 92 + x. Let h be 4/2 + (-12)/(-3). What is the highest common divisor of j and h?
6
Suppose 3*k = -4*t + 22, -2*k + k - t + 6 = 0. Suppose 0 = 2*v + k, 9*v + 9 = p + 13*v. What is the greatest common divisor of p and 26?
13
Suppose 0*r - 39 = -4*r + 3*s, 0 = -2*r - 2*s + 16. Let f be (r/(-12))/(4/(-480)). Calculate the greatest common divisor of 18 and f.
18
Let y = 967 + -400. What is the greatest common divisor of 63 and y?
63
Let t = -97 + 268. Suppose 2*i + 0 - 4 = 0, -3*i + t = w. What is the highest common divisor of w and 15?
15
Suppose -3*p + 4*a + 138 = 0, 0 = 4*p + a - 227 + 24. Suppose -2*c + 40 = -0*c. What is the greatest common factor of c and p?
10
Let s(r) = 14*r**3 + r**2 + r - 2. Let t(m) = m + 12. Let n be t(-11). Let q be s(n). What is the highest common factor of q and 21?
7
Let g = -41 + 73. Suppose -3*f = -49 - g. What is the highest common divisor of 297 and f?
27
Suppose 3*j + 2*g = -g + 180, -5*j + 314 = -2*g. What is the greatest common divisor of 496 and j?
62
Suppose -2*q + q = -7. Let c be q - (-4)/1 - 0. Suppose 4*m + 3*d = 5*d + 26, -m - 3*d = c. What is the highest common divisor of m and 32?
4
Let x(i) = -21*i + 3. Let m be x(-9). Suppose -3*z + 6 = -66. What is the highest common divisor of m and z?
24
Suppose 238 = 5*k - 2*v, -10*k = -14*k - 4*v + 168. Suppose 4*y + 660 = 1948. Calculate the highest common divisor of k and y.
46
Let n(s) = -3*s + 12. Suppose 32 = 18*t - 14*t. Let v be n(t). Let p be (v*3)/2*-12. Calculate the greatest common factor of 24 and p.
24
Let g(y) = -17*y - 5. Let q(v) = -2 - 1 - 4*v - 4*v. Let x(b) = -3*g(b) + 5*q(b). Let t be x(7). Calculate the greatest common factor of 7 and t.
7
Let l be (-1 - -1)/(10 - 7). Suppose l = 2*i - 170 + 62. What is the highest common factor of 6 and i?
6
Suppose 28*f = 161*f - 665. Let l(m) = -m**3 - 5*m**2 - 1. Let a be l(-6). Calculate the greatest common divisor of f and a.
5
Suppose 7*v + 612 = 13*v. What is the highest common factor of 68 and v?
34
Suppose 17*b - 903 = 406. Let q = -7 - -14. What is the greatest common factor of q and b?
7
Let n be (-2)/7 + 8988/(-98). Suppose 0*b + 6 = 2*b, -3*o = 3*b - 510. Let p = o + n. What is the greatest common divisor of p and 25?
25
Suppose -7*c + 59 = -53. What is the greatest common divisor of 8 and c?
8
Let f = -10 + 6. Suppose 4*g + 98 - 40 = 2*s, 5*s = -5. Let q = f - g. Calculate the highest common divisor of q and 11.
11
Suppose 2*q = 6 + 2. Suppose -y - 66 = -q*h, 4*h = -y + 38 + 32. Calculate the greatest common factor of h and 136.
17
Let n(j) = 68*j**2 + 3 - 30*j**2 - 3*j - 37*j**2. Let d be n(5). What is the highest common factor of d and 143?
13
Let x(c) be the first derivative of 4*c**3/3 + 3*c**2/2 - 2*c + 1. Let z be x(1). Let l be 602/z + (-4)/10. Calculate the greatest common divisor of 15 and l.
15
Suppose 22 = 5*i + 12. Suppose 0 = 3*w + i*w + 2*p - 460, 5 = -p. What is the greatest common divisor of w and 235?
47
Let w be 17 + -18 + 29*1. Let g be 1268/w - (-4)/(-14). Calculate the greatest common factor of 18 and g.
9
Let j be (20/(-6))/((-2)/3). Suppose -j*w = -0 - 25, 280 = 2*s - 4*w. What is the greatest common divisor of 60 and s?
30
Let k(g) = 6*g**3 + 3*g**2 - 3*g - 4. Let d be k(5). Calculate the greatest common factor of 62 and d.
62
Suppose 3*r - 11 = -2*h, 0 = -3*r - h + 2*h + 8. What is the highest common divisor of 9 and r?
3
Let d = 455 + 55. What is the greatest common factor of d and 10?
10
Let n(j) = 6*j + 9*j**2 + j**3 - 17*j - 7*j - 15. Let k be n(-10). What is the highest common factor of k and 26?
13
Let o(w) = -w**3 - 10*w**2 - 13*w - 10. Let d = 33 - 42. Let b be o(d). Calculate the highest common divisor of 78 and b.
26
Let x be 182/(-637) - (-156)/7. Calculate the highest common factor of 1199 and x.
11
Let a(o) = o**2 - 5*o + 12. Let c be a(4). Suppose -4 - 8 = -3*i. Let g = i - 3. Calculate the greatest common factor of g and c.
1
Suppose 3*u + 2*y - 12 = 0, 3*y + y - 12 = 0. Suppose 5*k + n = 415, 3*n - 169 = -u*k + 2*n. What is the greatest common divisor of 205 and k?
41
Let w be ((-180)/27)/(4/(-18)). What is the greatest common factor of w and 51?
3
Let r be 4 - (-1653)/15 - (-3)/(-15). Calculate the highest common factor of r and 2850.
114
Suppose -5*s = -5*r + 6*r - 69, -2*s = 4*r - 24. Suppose -9 = -3*b - 3. Calculate the greatest common divisor of b and s.
2
Let z(u) = -u**3 + 10*u**2 - 15*u + 14. Let a be z(9). Let l be (15/(-2))/(6/a). Calculate the highest common divisor of 10 and l.
10
Let a = 477 - 403. Calculate the highest common factor of 185 and a.
37
Let k = -221 + 347. Calculate the highest common divisor of 3 and k.
3
Suppose -6*x = -3*x - 132. Suppose 0 = -16*p + 22*p - 18. Suppose p*n - 28 = x. Calculate the highest common divisor of n and 4.
4
Suppose -5*z - 55 = -t, 0 = -10*z + 5*z. Let f = 64 + -64. Suppose -9*y - 3 + 48 = f. What is the highest common divisor of t and y?
5
Let v(f) = -f - 4. Let y = 4 + -16. Let a be v(y). Suppose 0*c + 4*c + 4*k = 192, 0 = -2*k + a. What is the highest common divisor of 110 and c?
22
Let w be ((-56)/32)/(393/132 - 3). Calculate the highest common divisor of w and 1694.
77
Let p(u) = u**3 - 9*u**2 + 10*u - 6.